-8*x - 7. Let t(y) = -6*g(y) + 5*u(y). Determine t(o).
5
Let o(n) = 3*n + 4. Let x(k) = -5*k - 7. Let a(y) = -7*o(y) - 4*x(y). Let g = -11 - -19. Let r(p) = p**3 - 7*p**2 - 8*p + 2. Let d be r(g). Give a(d).
-2
Let m(x) = x**2 + x - 3. Let r be m(-3). Let u(v) = -8*v + 1. Let y(b) be the third derivative of -b**4/6 + 5*b**2. Let f(o) = r*u(o) - 7*y(o). What is f(-3)?
-9
Suppose 2*m = 3*m - 2. Let d(z) = 2*z - z**m - 3 + z + 7. Determine d(3).
4
Let d(y) = 3*y**3 - 7*y**2 + 3*y. Let v(g) = 7*g**3 - 14*g**2 + 5*g. Let b(t) = -5*d(t) + 2*v(t). What is b(6)?
6
Let a = 20 + -16. Let z(r) = r - 5. Give z(a).
-1
Let f(j) be the second derivative of j**5/60 - j**4/3 + j**3/6 - 4*j. Let u(w) be the second derivative of f(w). Calculate u(6).
4
Let y(i) = i**3 + 7*i**2 - i - 4. Let a be y(-7). Let j(f) = -f**2 - f + 4. Calculate j(a).
-8
Let i(w) be the third derivative of w**2 + 0*w - 1/6*w**3 + 0 - 1/6*w**4. Suppose -2*c + 2 = -3*z - 14, 0 = 5*c - z - 14. What is i(c)?
-9
Let s(f) = -f**3 - f**2 - f + 6. Suppose -2*g = -0*g. Let m be -1*(2 + g + -5). Let k(a) = -2*a**3 - 2*a**2 - a + 11. Let x(h) = m*k(h) - 5*s(h). Give x(-2).
3
Let m(b) be the third derivative of b**5/60 - b**4/4 - 4*b**3/3 - 4*b**2. Suppose -3*d = 2*d - 30. Give m(d).
-8
Let y(z) be the first derivative of -z**3/3 + 4*z**2 - 6*z + 3. Determine y(6).
6
Suppose 2*s + 2*j - 3 + 1 = 0, 0 = j. Let u(p) = -5*p**2 - 5 + 5 + p - 3*p + 1. Give u(s).
-6
Let c(q) = -q**2 + 3*q. Let z be 2/(-6) - 4/(-12). Let n be (2 - 3 - z)*-5. Give c(n).
-10
Suppose 8*g - 36 = 4*g + 4*p, 0 = g - 5*p - 21. Let f(w) = -2*w + 5. Calculate f(g).
-7
Suppose 0 = -5*g + 7*g - 10. Let n(v) = -v**3 + 4*v**2 + 6*v. Give n(g).
5
Let t(y) = -y - 1. Let o(l) = 5*l + 6. Let i(a) = -o(a) - 6*t(a). Let k(u) = u - 10. Let j be k(7). Let c be (-12)/j + (-5 - 0). What is i(c)?
-1
Suppose 0 = -5*x, -1 = b + 3*x + 4. Let r(t) = -5*t**3 + 18*t**2 + 9*t + 2. Let l(f) = 2*f**3 - 6*f**2 - 3*f - 1. Let o(n) = 8*l(n) + 3*r(n). What is o(b)?
8
Let o(w) = -7*w + 1. Let l(t) = -5*t + 2. Let x(u) = 3*l(u) - 2*o(u). Let s(y) = y. Let d be s(6). Give x(d).
-2
Let y(k) = 7*k**2 + 5*k. Let a(q) = 7*q**2 + 6*q. Let d(o) = 4*a(o) - 5*y(o). What is d(-1)?
-6
Let a(n) be the first derivative of 5*n**4/4 + n**3/3 + 1. Determine a(1).
6
Let b(w) be the third derivative of -w**6/60 + w**5/20 - w**3/6 - w**2. Let c(y) = y**2 - 7*y - 16. Let f be c(9). Determine b(f).
-5
Let h = 4 + -4. Let u(b) be the third derivative of -b**5/60 - b**4/24 - 4*b**3/3 + 5*b**2. Calculate u(h).
-8
Let x(r) be the third derivative of 1/120*r**6 - 2/3*r**3 + 1/30*r**5 - 5/24*r**4 + 0*r - r**2 + 0. Suppose 6 = -2*f - 0*f. Determine x(f).
2
Let c(n) = -n + 9 - 5 - 1. Calculate c(-6).
9
Let p be 3 - 3/(-9)*0. Suppose -9 - 3 = p*c. Let t(y) = -y**2 - 4*y + 1 - 3 + 4. Calculate t(c).
2
Let k(f) be the second derivative of -7*f**3/6 + f**2/2 - 9*f. Calculate k(-1).
8
Let y(s) be the third derivative of -s**5/60 - s**4/6 - s**3/3 - 5*s**2. What is y(-5)?
-7
Let y be 2/(-4) + (-75)/(-30). Let d(p) = 35*p**y + 1 + 3*p - 34*p**2 - 3. What is d(-3)?
-2
Let z(a) = -8*a**3 - 2*a - 1. Let q be -1 + 4 - 32/2. Let b = -14 - q. Give z(b).
9
Let x be -4*((-21)/4)/(-3). Let v(f) = -f**2 + f + 6. Let j = 0 + -4. Let z(h) = 2*h**2 - 3*h - 12. Let t(a) = j*z(a) + x*v(a). Calculate t(5).
6
Let l(u) = 11*u**2 + 10*u + 9*u**2 - 19*u**2 - 8. What is l(-11)?
3
Suppose -5*d - 5*g = -20, 5*d - d - 16 = g. Let j(x) = 3*x**2 - 7*x + 5. Give j(d).
25
Suppose z - 7*z = 42. Let c(t) = -t**3 - 6*t**2 + 8*t + 8. Let w be c(z). Let p(v) be the third derivative of -v**6/30 + v**5/60 - v**4/24 - v**2. What is p(w)?
-4
Let f(g) = 10*g. Let p = -4 + 5. Calculate f(p).
10
Let m(x) = 18*x + 21*x + 0 - 38*x + 5. Suppose 11 = 3*p - 4. What is m(p)?
10
Let h = -18 + 22. Let w(x) = -1 - 2*x + h + 4*x. Determine w(-5).
-7
Let b(j) = -j**3 + 23*j**2 + 26*j - 52. Let o be b(24). Let r(s) = s**2 + 3*s - 5. Give r(o).
-1
Let y(c) be the second derivative of -c**4/12 - 5*c**3/6 - 2*c**2 - 20*c. Determine y(-6).
-10
Let f(x) = 57*x**2 + 21*x - 6. Let j(u) = 11*u**2 + 4*u - 1. Let w(y) = 2*f(y) - 11*j(y). Let r(d) = -d**2 - 5*d - 5. Let k be r(-4). What is w(k)?
-6
Let h(j) = -4*j + 5. Let l(a) be the second derivative of -7*a**3/6 + 11*a**2/2 + 7*a. Let q(x) = 9*h(x) - 4*l(x). What is q(1)?
-7
Let w(n) = -1 - 8*n - n**2 + 1 + 0 + 2. What is w(-6)?
14
Let n be (1 + 1)/1 - 5. Let h(u) = -4*u**3 - 2*u**2 + u + 1. Let x(t) = 3*t**3 + 3*t**2. Let y(r) = n*x(r) - 2*h(r). Determine y(-5).
8
Let n = 34 + -40. Let r(k) = k**2 + 2*k - 5. Give r(n).
19
Let a(u) = 14*u + 18. Let y(z) = -5*z - 6. Let d(n) = 6*a(n) + 17*y(n). Suppose 3*o + 5*c = 6, -5*o - 6*c + 20 = -c. What is d(o)?
-1
Let a(q) be the first derivative of -q**3/3 - 5*q**2/2 + 8*q - 4. Suppose w = -3*n + 5*w - 2, n - 2 = 2*w. What is a(n)?
2
Let w(n) = 3*n. Let p = -11 - -15. Suppose 2*v - 4*i - 13 = -v, -4*v + 8 = p*i. Determine w(v).
9
Let g(u) = 33*u**3 - 3*u**2 + 6*u - 3. Let f(w) = -22*w**3 + 2*w**2 - 4*w + 2. Let b(t) = 7*f(t) + 5*g(t). Give b(1).
11
Let w(j) be the second derivative of -j**3/6 + 7*j**2/2 - 18*j. Give w(-6).
13
Suppose 0 = 4*q - l - 23, -4*q + 2*l + 35 = -3*l. Let a(m) = m + 1 - q*m**2 + 0 - 5*m**2. Give a(-1).
-10
Let b(h) = h**3 + 3*h**2 + 5*h + 6. Let m(v) = v**2 - v. Let z(o) = b(o) + 4*m(o). Let y be z(-7). Let q(k) = -5*k**3 - 2*k**2 + 1. Determine q(y).
4
Let d(r) = r**3 - 6*r**2 - r + 4. Let z(q) = 2*q**2 + 2*q - 6. Let c be z(-3). Determine d(c).
-2
Let a(n) = -n - 1. Let p(z) = -6*z + 1. Let k(i) = i + 2. Let r be k(-3). Let t be p(r). Suppose -3*b + 8 = -t. Give a(b).
-6
Let h(t) = 6*t**2 - 5 - 2*t**2 - 3*t**2 + t. Suppose -3*p = w, -w + 2*w = -2*p. Calculate h(w).
-5
Suppose 4*v - 3 = 5, 3*v = 4*k + 6. Let p be (k - 1)/(1/(-2)). Let r(n) be the first derivative of -n**2/2 + 2*n - 6. Determine r(p).
0
Let j(b) = 3*b**2 - 26*b + 10. Suppose 4*r = -38 + 6. Let c(q) = -q**2 + 9*q - 3. Let p(i) = r*c(i) - 3*j(i). Calculate p(5).
-1
Let t(q) = 7*q**2 + 1. Let v(c) = 2*c + 6 - c + 0*c. Let h be v(-5). Calculate t(h).
8
Let t(d) be the second derivative of -d**3/6 - 9*d**2/2 - 9*d. Give t(-6).
-3
Let i = -1 - -2. Let h(u) be the second derivative of 3*u**5/10 + u**4/12 - u**3/3 + u**2/2 + 2*u + 6. What is h(i)?
6
Let y(n) = 2*n**2 + n - 2. Suppose -18*d - 4 = -20*d. What is y(d)?
8
Let t(o) = -5*o + 6. Let w(s) = -9*s + 13. Let d(x) = 5*t(x) - 3*w(x). Give d(8).
7
Let m(f) = f - 4. Let k be m(6). Suppose -k*p = 2*p. Suppose 5*n = 3*n + 8, -5*d + 4*n - 6 = p. Let x(t) = t - 3. Calculate x(d).
-1
Let o(c) = -3*c**3 + 2*c**2 - 3*c + 7. Let y = 7 + -8. Let x(m) = -m**3 - m + 1. Let k(z) = y*o(z) + 4*x(z). Give k(-3).
9
Suppose 0 = -6*w + 13*w - 28. Let m(t) = -t**2 + 4*t. Determine m(w).
0
Let j(s) = -s - 10. Let z(o) = -1. Let w(g) = j(g) - 5*z(g). Give w(-7).
2
Suppose 4*h = 3*h + 3. Suppose 4*d + 3*k - 24 = -k, -h*k = -5*d - 2. Suppose -l + 2*l - 5*v - 17 = 0, d*l + 18 = -3*v. Let y(o) = o - 3. What is y(l)?
-6
Let l(u) be the second derivative of -u**5/20 + 3*u**4/4 - 11*u**3/6 + u**2 - 7*u. Determine l(8).
-22
Let q(o) = o**2 - 6*o - 4. Suppose -2*b + 30 = -3*b. Let w be b/24*(-8)/2. Determine q(w).
-9
Let g(t) be the first derivative of -t**4/12 - t**3 - t**2/2 + 2. Let d(b) be the second derivative of g(b). Give d(-4).
2
Let a(w) = w**2 - 5*w + 1. Let k(h) = 2*h**2 - 6*h + 1. Let i(r) = -6*a(r) + 5*k(r). Give i(1).
3
Suppose 0 = 13*g - 10*g. Let m(r) be the third derivative of 1/2*r**3 + r**2 + g*r - 1/8*r**4 - 1/60*r**5 + 0. What is m(-5)?
-7
Let i(o) = -o - 2. Suppose p - 1 - 1 = 0. Suppose -2 = -2*b + g, 4*g - p*g = -4*b - 4. Determine i(b).
-2
Let s = -101 + 94. Let i(v) = -v**2 - 6*v + 4. What is i(s)?
-3
Let t(z) = 3*z**2 - 1. Let l(d) = d**2 - 15*d - 17. Let v be l(16). Calculate t(v).
2
Let r be (0 - -2*1)*1. Let k(w) = w - r*w**2 - w**2 + 1 - 2*w. Give k(1).
-3
Let o(i) = 6*i - 1. Let c(b) = -b**3 - 9*b**2 - 8*b + 3. Let f be c(-8). Suppose 2 = -5*k - f. Let j be k + 3 - (-4 - -5). Give o(j).
5
Let t(q) = -2*q**2 - 2*q + 6. Let l be t(-3). Let u(r) = -r**2 - 6*r + 1. Determine u(l).
1
Suppose 4*f - f - 9 = 0. Suppose 2*h + 10 = -5*y + f*h, -5*y - 10 = 5*h. Let n(b) = -10*b + 7*b - b**2 - 3 + 4*b**3 - 5*b**3. Determine n(y).
7
Let